{"id":70,"date":"2020-01-21T20:11:21","date_gmt":"2020-01-21T20:11:21","guid":{"rendered":"http:\/\/grays-bar.de\/?page_id=70"},"modified":"2020-02-26T14:06:59","modified_gmt":"2020-02-26T14:06:59","slug":"gdl","status":"publish","type":"page","link":"https:\/\/grays-bar.de\/?page_id=70","title":{"rendered":"GDL"},"content":{"rendered":"\n<p>Grays Darts Lotterie<\/p>\n\n\n\n<h2 class=\"wp-block-heading\"><strong>Terminverlegung <\/strong><\/h2>\n\n\n\n<p>Das Turnier vom 07. M\u00e4rz wird auf den 28. M\u00e4rz verlegt!!!<\/p>\n\n\n\n<figure class=\"wp-block-image\"><img loading=\"lazy\" decoding=\"async\" width=\"724\" height=\"1024\" src=\"http:\/\/grays-bar.de\/wp-content\/uploads\/2020\/01\/plakat10-724x1024.png\" alt=\"\" class=\"wp-image-86\" srcset=\"https:\/\/grays-bar.de\/wp-content\/uploads\/2020\/01\/plakat10-724x1024.png 724w, https:\/\/grays-bar.de\/wp-content\/uploads\/2020\/01\/plakat10-212x300.png 212w, https:\/\/grays-bar.de\/wp-content\/uploads\/2020\/01\/plakat10-768x1086.png 768w\" sizes=\"auto, (max-width: 724px) 100vw, 724px\" \/><\/figure>\n\n\n\n<p>Wir haben uns da mal ein neues Dartstool geg\u00f6nnt. Wir h\u00f6ffen euch gef\u00e4llt die neue <a href=\"http:\/\/www.verwaltung.dart-software.de\/index.php\/component\/dartliga\/index.php?option=com_dartliga&amp;controller=showezrangresult&amp;layout=showdashboard&amp;filVbKey=68&amp;filSaiKey=67\">Rangliste<\/a> so sehr wie uns <\/p>\n","protected":false},"excerpt":{"rendered":"<p>Grays Darts Lotterie Terminverlegung Das Turnier vom 07. M\u00e4rz wird auf den 28. M\u00e4rz verlegt!!! Wir haben uns da mal ein neues Dartstool geg\u00f6nnt. Wir h\u00f6ffen euch gef\u00e4llt die neue Rangliste so sehr wie uns<\/p>\n","protected":false},"author":1,"featured_media":0,"parent":0,"menu_order":0,"comment_status":"closed","ping_status":"closed","template":"","meta":{"footnotes":""},"class_list":["post-70","page","type-page","status-publish","hentry"],"_links":{"self":[{"href":"https:\/\/grays-bar.de\/index.php?rest_route=\/wp\/v2\/pages\/70","targetHints":{"allow":["GET"]}}],"collection":[{"href":"https:\/\/grays-bar.de\/index.php?rest_route=\/wp\/v2\/pages"}],"about":[{"href":"https:\/\/grays-bar.de\/index.php?rest_route=\/wp\/v2\/types\/page"}],"author":[{"embeddable":true,"href":"https:\/\/grays-bar.de\/index.php?rest_route=\/wp\/v2\/users\/1"}],"replies":[{"embeddable":true,"href":"https:\/\/grays-bar.de\/index.php?rest_route=%2Fwp%2Fv2%2Fcomments&post=70"}],"version-history":[{"count":3,"href":"https:\/\/grays-bar.de\/index.php?rest_route=\/wp\/v2\/pages\/70\/revisions"}],"predecessor-version":[{"id":163,"href":"https:\/\/grays-bar.de\/index.php?rest_route=\/wp\/v2\/pages\/70\/revisions\/163"}],"wp:attachment":[{"href":"https:\/\/grays-bar.de\/index.php?rest_route=%2Fwp%2Fv2%2Fmedia&parent=70"}],"curies":[{"name":"wp","href":"https:\/\/api.w.org\/{rel}","templated":true}]}}